{"id":72,"date":"2015-01-31T10:23:36","date_gmt":"2015-01-31T09:23:36","guid":{"rendered":"http:\/\/www.ugykr.hu\/?page_id=72"},"modified":"2025-11-01T22:29:26","modified_gmt":"2025-11-01T21:29:26","slug":"dr-simon-attila","status":"publish","type":"page","link":"https:\/\/www.ugykr.hu\/?page_id=72","title":{"rendered":"Dr. Simon Attila"},"content":{"rendered":"\n<div class=\"wp-block-group\"><div class=\"wp-block-group__inner-container is-layout-constrained wp-block-group-is-layout-constrained\">\n<p><strong>K\u00f6zponti telefonsz\u00e1m, id\u0151pontk\u00e9r\u00e9s:<\/strong> 06 1 369 1766 (07:30\u201312:30 k\u00f6z\u00f6tt)<br><strong>1-es rendel\u0151 telefonsz\u00e1ma:<\/strong> 06 1 435 9140 (rendel\u00e9si id\u0151ben)<br><strong>Mobil telefonsz\u00e1m:<\/strong> 06 30 588 5885<br><strong>Rendel\u0151 e-mail c\u00edme:<\/strong> rendelo1042@gmail.com<\/p>\n\n\n\n<pre class=\"wp-block-code has-regular-font-size\"><code><u><strong>Betegrendel\u00e9s:<\/strong><\/u>\n<strong>H\u00e9tf\u0151: <\/strong>16:00\u201318:00\n<strong>Kedd:<\/strong> 12:00\u201316:00 (Telefonos konzult\u00e1ci\u00f3 (mobil): 12:00\u201313:00)\n<strong>Szerda:<\/strong> 10:00\u201312:00\n<strong>Cs\u00fct\u00f6rt\u00f6k:<\/strong> 14:00\u201318:00 (Telefonos konzult\u00e1ci\u00f3 (mobil): 14:00\u201315:00)\n<strong>P\u00e9ntek:<\/strong> V\u00e1ltoz\u00f3<\/code><\/pre>\n\n\n\n<p><\/p>\n\n\n\n<pre class=\"wp-block-code has-regular-font-size\"><code><strong><u>Eg\u00e9szs\u00e9ges rendel\u00e9s:<\/u><\/strong>\n\n<strong>Telefonsz\u00e1m:<\/strong> 06 1 370 8629\n\n<strong>H\u00e9tf\u0151:<\/strong> 14:00\u201316:00\n<strong>Szerda:<\/strong> 8:00\u201310:00<\/code><\/pre>\n\n\n\n<p><\/p>\n<\/div><\/div>\n\n\n\n<p><\/p>\n","protected":false},"excerpt":{"rendered":"<p>K\u00f6zponti telefonsz\u00e1m, id\u0151pontk\u00e9r\u00e9s: 06 1 369 1766 (07:30\u201312:30 k\u00f6z\u00f6tt)1-es rendel\u0151 telefonsz\u00e1ma: 06 1 435 9140 (rendel\u00e9si id\u0151ben)Mobil telefonsz\u00e1m: 06 30 588 5885Rendel\u0151 e-mail c\u00edme: rendelo1042@gmail.com<\/p>\n","protected":false},"author":1,"featured_media":0,"parent":0,"menu_order":0,"comment_status":"closed","ping_status":"open","template":"","meta":{"footnotes":""},"class_list":["post-72","page","type-page","status-publish","hentry"],"_links":{"self":[{"href":"https:\/\/www.ugykr.hu\/index.php?rest_route=\/wp\/v2\/pages\/72","targetHints":{"allow":["GET"]}}],"collection":[{"href":"https:\/\/www.ugykr.hu\/index.php?rest_route=\/wp\/v2\/pages"}],"about":[{"href":"https:\/\/www.ugykr.hu\/index.php?rest_route=\/wp\/v2\/types\/page"}],"author":[{"embeddable":true,"href":"https:\/\/www.ugykr.hu\/index.php?rest_route=\/wp\/v2\/users\/1"}],"replies":[{"embeddable":true,"href":"https:\/\/www.ugykr.hu\/index.php?rest_route=%2Fwp%2Fv2%2Fcomments&post=72"}],"version-history":[{"count":21,"href":"https:\/\/www.ugykr.hu\/index.php?rest_route=\/wp\/v2\/pages\/72\/revisions"}],"predecessor-version":[{"id":1009,"href":"https:\/\/www.ugykr.hu\/index.php?rest_route=\/wp\/v2\/pages\/72\/revisions\/1009"}],"wp:attachment":[{"href":"https:\/\/www.ugykr.hu\/index.php?rest_route=%2Fwp%2Fv2%2Fmedia&parent=72"}],"curies":[{"name":"wp","href":"https:\/\/api.w.org\/{rel}","templated":true}]}}